{"id":25,"date":"2018-07-25T10:28:55","date_gmt":"2018-07-25T07:28:55","guid":{"rendered":"http:\/\/www.jamtop.fi\/?page_id=25"},"modified":"2025-02-10T10:43:22","modified_gmt":"2025-02-10T08:43:22","slug":"etusivu","status":"publish","type":"page","link":"https:\/\/www.jamtop.fi\/","title":{"rendered":"Etusivu"},"content":{"rendered":"<h2>Julkitilakalusteet vahvalla ammattitaidolla<\/h2>\n<p>JamTop Oy valmistaa julkitilakalusteita usean vuoden kokemuksella. Olemme toimittaneet useita julkitilakalusteita menestyksekk\u00e4\u00e4sti. Tarjoamme asiakkaillemme toimintavarmuutta, korkeaa laatua sek\u00e4 kilpailukykyist\u00e4 hintaa. Yrityksemme ty\u00f6ntekij\u00f6ill\u00e4 on vahva usean kymmenen vuoden kokemus julkitila- ja kalustevalmistuksesta. Vahva kokemus sek\u00e4 uusiutuva konekanta tuotannon puolella mahdollistavat korkealaatuisen lopputuloksen.<\/p>\n<p>Erikoisosaamistamme ovat varsinkin:<\/p>\n<ul>\n<li><strong>Hotellikalusteet<\/strong><\/li>\n<li><strong>Y\u00f6kerho- ja ravintolakalusteet<\/strong><\/li>\n<li><strong>Myym\u00e4l\u00e4kalusteet<\/strong><\/li>\n<li><strong>Toimistokalusteet<\/strong><\/li>\n<li><strong>Messuosastot- ja kalusteet<\/strong><\/li>\n<\/ul>\n","protected":false},"excerpt":{"rendered":"<p>Julkitilakalusteet vahvalla ammattitaidolla JamTop Oy valmistaa julkitilakalusteita usean vuoden kokemuksella. Olemme toimittaneet useita julkitilakalusteita menestyksekk\u00e4\u00e4sti. Tarjoamme asiakkaillemme toimintavarmuutta, korkeaa laatua sek\u00e4 kilpailukykyist\u00e4 hintaa. Yrityksemme ty\u00f6ntekij\u00f6ill\u00e4 on vahva usean kymmenen vuoden kokemus julkitila- ja kalustevalmistuksesta. Vahva kokemus sek\u00e4 uusiutuva konekanta tuotannon puolella mahdollistavat korkealaatuisen lopputuloksen. Erikoisosaamistamme ovat varsinkin: Hotellikalusteet Y\u00f6kerho- ja ravintolakalusteet Myym\u00e4l\u00e4kalusteet Toimistokalusteet Messuosastot- ja [&hellip;]<\/p>\n","protected":false},"author":1,"featured_media":0,"parent":0,"menu_order":1,"comment_status":"closed","ping_status":"closed","template":"index.php","meta":{"footnotes":""},"class_list":["post-25","page","type-page","status-publish","hentry"],"_links":{"self":[{"href":"https:\/\/www.jamtop.fi\/index.php?rest_route=\/wp\/v2\/pages\/25","targetHints":{"allow":["GET"]}}],"collection":[{"href":"https:\/\/www.jamtop.fi\/index.php?rest_route=\/wp\/v2\/pages"}],"about":[{"href":"https:\/\/www.jamtop.fi\/index.php?rest_route=\/wp\/v2\/types\/page"}],"author":[{"embeddable":true,"href":"https:\/\/www.jamtop.fi\/index.php?rest_route=\/wp\/v2\/users\/1"}],"replies":[{"embeddable":true,"href":"https:\/\/www.jamtop.fi\/index.php?rest_route=%2Fwp%2Fv2%2Fcomments&post=25"}],"version-history":[{"count":20,"href":"https:\/\/www.jamtop.fi\/index.php?rest_route=\/wp\/v2\/pages\/25\/revisions"}],"predecessor-version":[{"id":139,"href":"https:\/\/www.jamtop.fi\/index.php?rest_route=\/wp\/v2\/pages\/25\/revisions\/139"}],"wp:attachment":[{"href":"https:\/\/www.jamtop.fi\/index.php?rest_route=%2Fwp%2Fv2%2Fmedia&parent=25"}],"curies":[{"name":"wp","href":"https:\/\/api.w.org\/{rel}","templated":true}]}}